{"id":5581,"date":"2025-06-20T09:22:17","date_gmt":"2025-06-20T09:22:17","guid":{"rendered":"https:\/\/paginamea.ro\/rastartech\/?page_id=5581"},"modified":"2025-07-03T16:47:47","modified_gmt":"2025-07-03T16:47:47","slug":"ventilatoare-centrifugale","status":"publish","type":"page","link":"https:\/\/paginamea.ro\/rastartech\/ventilatoare-centrifugale\/","title":{"rendered":"Ventilatoare centrifugale"},"content":{"rendered":"\t\t<div data-elementor-type=\"wp-page\" data-elementor-id=\"5581\" class=\"elementor elementor-5581\">\n\t\t\t\t\t\t<section class=\"elementor-section elementor-top-section elementor-element elementor-element-326efc0a tm-column-break-ipad-yes elementor-section-stretched elementor-section-content-middle tm-col-stretched-none elementor-section-boxed elementor-section-height-default elementor-section-height-default\" data-id=\"326efc0a\" data-element_type=\"section\" data-settings=\"{&quot;stretch_section&quot;:&quot;section-stretched&quot;,&quot;ekit_has_onepagescroll_dot&quot;:&quot;yes&quot;}\">\n\t\t\t\t\t\t<div class=\"elementor-container elementor-column-gap-default\">\n\t\t\t\t\t<div class=\"elementor-column elementor-col-33 elementor-top-column elementor-element elementor-element-5f2b9668\" data-id=\"5f2b9668\" data-element_type=\"column\">\n\t\t\t<div class=\"elementor-widget-wrap elementor-element-populated\">\n\t\t\t\t\t\t<div class=\"elementor-element elementor-element-571ec1af elementor-widget elementor-widget-image\" data-id=\"571ec1af\" data-element_type=\"widget\" data-settings=\"{&quot;ekit_we_effect_on&quot;:&quot;none&quot;}\" data-widget_type=\"image.default\">\n\t\t\t\t<div class=\"elementor-widget-container\">\n\t\t\t\t\t\t\t\t\t\t\t\t\t\t\t<img fetchpriority=\"high\" decoding=\"async\" width=\"350\" height=\"350\" src=\"https:\/\/paginamea.ro\/rastartech\/wp-content\/uploads\/2025\/06\/centrifugale-4.jpg\" class=\"attachment-full size-full wp-image-5589\" alt=\"\" srcset=\"https:\/\/paginamea.ro\/rastartech\/wp-content\/uploads\/2025\/06\/centrifugale-4.jpg 350w, https:\/\/paginamea.ro\/rastartech\/wp-content\/uploads\/2025\/06\/centrifugale-4-300x300.jpg 300w, https:\/\/paginamea.ro\/rastartech\/wp-content\/uploads\/2025\/06\/centrifugale-4-150x150.jpg 150w\" sizes=\"(max-width: 350px) 100vw, 350px\" data-id=\"5589\" \/>\t\t\t\t\t\t\t\t\t\t\t\t\t\t\t<\/div>\n\t\t\t\t<\/div>\n\t\t\t\t\t<\/div>\n\t\t<\/div>\n\t\t\t\t<div class=\"elementor-column elementor-col-66 elementor-top-column elementor-element elementor-element-18abc3fb\" data-id=\"18abc3fb\" data-element_type=\"column\">\n\t\t\t<div class=\"elementor-widget-wrap elementor-element-populated\">\n\t\t\t\t\t\t<div class=\"elementor-element elementor-element-375d17f elementor-widget elementor-widget-heading\" data-id=\"375d17f\" data-element_type=\"widget\" data-settings=\"{&quot;ekit_we_effect_on&quot;:&quot;none&quot;}\" data-widget_type=\"heading.default\">\n\t\t\t\t<div class=\"elementor-widget-container\">\n\t\t\t\t\t<h4 class=\"elementor-heading-title elementor-size-default\">Joas\u0103 presiune<\/h4>\t\t\t\t<\/div>\n\t\t\t\t<\/div>\n\t\t\t\t<div class=\"elementor-element elementor-element-5946ed45 elementor-widget elementor-widget-text-editor\" data-id=\"5946ed45\" data-element_type=\"widget\" data-settings=\"{&quot;ekit_we_effect_on&quot;:&quot;none&quot;}\" data-widget_type=\"text-editor.default\">\n\t\t\t\t<div class=\"elementor-widget-container\">\n\t\t\t\t\t\t\t\t\t<div><p>Ventilatoarele din aceast\u0103 serie sunt potrivite pentru aspirarea aerului curat \u0219i sunt utilizate \u00een principal \u00een instala\u021bii de climatizare, ventila\u021bie \u0219i uscare at\u00e2t civile, c\u00e2t \u0219i industriale, pentru r\u0103cirea materialelor, \u00een hotele de aspira\u021bie \u0219i \u00een general c\u00e2nd se solicit\u0103 transportul aerului cu presiune sc\u0103zut\u0103. \u00cen execu\u021bia standard, temperatura fluidului aspirat nu trebuie s\u0103 dep\u0103\u0219easc\u0103 60\u00b0C.<\/p><p><strong>Detalii tehnice<\/strong><\/p><p>Construc\u0163ie din tabl\u0103 de o\u0163el zincat\u0103 sau vopsit\u0103 \u00een c\u00e2mp electrostatic, rotor cu palete curbate \u00eenainte din tabl\u0103 de o\u0163el zincat echilibrat dinamic.<\/p><p><strong>Interval de operare<\/strong><\/p><p>Pt = 5 &#8211; 390 mm. H2O; Q = 110 &#8211; 360000 mc\/h<\/p><p><strong>Execu\u0163ie<\/strong><\/p><p>Ventilatoarele acestei serii sunt echipate cu motoare electrice monofazate cuplate direct sau cu motoare electrice asincrone trifazate, conform standardelor UNEL-MEC, cuplate prin transmisie la rotor. La cerere poate fi furnizat motor electric monofazat p\u00e2n\u0103 la dimensiunea 90.<\/p><\/div>\t\t\t\t\t\t\t\t<\/div>\n\t\t\t\t<\/div>\n\t\t\t\t\t<\/div>\n\t\t<\/div>\n\t\t\t\t\t<\/div>\n\t\t<\/section>\n\t\t\t\t<section class=\"elementor-section elementor-top-section elementor-element elementor-element-7ed25e1 tm-column-break-ipad-yes elementor-section-stretched tm-col-stretched-none elementor-section-boxed elementor-section-height-default elementor-section-height-default\" data-id=\"7ed25e1\" data-element_type=\"section\" data-settings=\"{&quot;stretch_section&quot;:&quot;section-stretched&quot;,&quot;background_background&quot;:&quot;classic&quot;,&quot;ekit_has_onepagescroll_dot&quot;:&quot;yes&quot;}\">\n\t\t\t\t\t\t\t<div class=\"elementor-background-overlay\"><\/div>\n\t\t\t\t\t\t\t<div class=\"elementor-container elementor-column-gap-default\">\n\t\t\t\t\t<div class=\"elementor-column elementor-col-100 elementor-top-column elementor-element elementor-element-5cf9e3c7\" data-id=\"5cf9e3c7\" data-element_type=\"column\">\n\t\t\t<div class=\"elementor-widget-wrap elementor-element-populated\">\n\t\t\t\t\t\t<section class=\"elementor-section elementor-inner-section elementor-element elementor-element-3329dffb tm-col-padding-zero-991 tm-column-break-ipad-no tm-col-stretched-none elementor-section-boxed elementor-section-height-default elementor-section-height-default\" data-id=\"3329dffb\" data-element_type=\"section\" data-settings=\"{&quot;ekit_has_onepagescroll_dot&quot;:&quot;yes&quot;}\">\n\t\t\t\t\t\t<div class=\"elementor-container elementor-column-gap-default\">\n\t\t\t\t\t<div class=\"elementor-column elementor-col-100 elementor-inner-column elementor-element elementor-element-9ffb56c\" data-id=\"9ffb56c\" data-element_type=\"column\">\n\t\t\t<div class=\"elementor-widget-wrap elementor-element-populated\">\n\t\t\t\t\t\t<div class=\"elementor-element elementor-element-173f6898 tm-align-center elementor-widget elementor-widget-tm_heading\" data-id=\"173f6898\" data-element_type=\"widget\" data-settings=\"{&quot;ekit_we_effect_on&quot;:&quot;none&quot;}\" data-widget_type=\"tm_heading.default\">\n\t\t\t\t<div class=\"elementor-widget-container\">\n\t\t\t\t\t<div class=\"tm-element-heading-content-wrapper center-align tm-reverse-heading-yes tm-seperator-solid tm-content-with-desc tm-heading-style-vertical \"><div class=\"tm-content-header\"><h2 class=\"tm-element-content-heading tm-custom-heading \">\n\t\t\t\tMedie presiune\n\n\n\t\t\t<\/h2>\n\t\t<div class=\"heading-seperator\"><span><\/span><\/div><\/div><div class=\"tm-element-content-desctxt\">Ventilatoarele acestei serii sunt potrivite pentru aspirarea aerului curat sau u\u0219or praf \u0219i sunt utilizate \u00een principal \u00een instala\u0163ii de climatizare, \u00een cabine de pulverizare, pentru uscare cereale \u015fi furaje, \u00een instala\u0163ii de r\u0103cire \u015fi \u00een general c\u00e2nd se solicit\u0103 transportul aerului cu presiune joas\u0103. Form\u0103 particular\u0103 a rotorului cu palete inversate asigur\u0103 o eficien\u021b\u0103 ridicat\u0103. \u00cen execu\u021bia standard, temperatura fluidului aspirat nu trebuie s\u0103 dep\u0103\u0219easc\u0103 80\u00b0C. \n<\/div><\/div>\t\t\t\t<\/div>\n\t\t\t\t<\/div>\n\t\t\t\t<div class=\"elementor-element elementor-element-3456618 tm-align-center elementor-widget elementor-widget-tm_heading\" data-id=\"3456618\" data-element_type=\"widget\" data-settings=\"{&quot;ekit_we_effect_on&quot;:&quot;none&quot;}\" data-widget_type=\"tm_heading.default\">\n\t\t\t\t<div class=\"elementor-widget-container\">\n\t\t\t\t\t<div class=\"tm-element-heading-content-wrapper center-align tm-reverse-heading-yes tm-seperator-solid tm-content-with-desc tm-heading-style-vertical \"><div class=\"tm-content-header\"><h2 class=\"tm-element-content-heading tm-custom-heading \">\n\t\t\t\tDetalii tehnice\n\n\n\t\t\t<\/h2>\n\t\t<div class=\"heading-seperator\"><span><\/span><\/div><\/div><div class=\"tm-element-content-desctxt\">Carcas\u0103 din tabl\u0103 de o\u0163el bordat\u0103 \u015fi sudat\u0103, rotor cu palete inversate din tabl\u0103 de o\u0163el sudat\u0103 echilibrat\u0103 dinamic, suport motor (dac\u0103 este prezent) din tabl\u0103 de o\u0163el sudat\u0103 \u015fi sec\u0163iuni de o\u0163el. \nInterval de operare\nPt = 12 - 900 mm. H2O; Q = 1.320 - 375.000 mc\/h<\/div><\/div>\t\t\t\t<\/div>\n\t\t\t\t<\/div>\n\t\t\t\t<div class=\"elementor-element elementor-element-8ae41df tm-align-center elementor-widget elementor-widget-tm_heading\" data-id=\"8ae41df\" data-element_type=\"widget\" data-settings=\"{&quot;ekit_we_effect_on&quot;:&quot;none&quot;}\" data-widget_type=\"tm_heading.default\">\n\t\t\t\t<div class=\"elementor-widget-container\">\n\t\t\t\t\t<div class=\"tm-element-heading-content-wrapper center-align tm-reverse-heading-yes tm-seperator-solid tm-content-with-desc tm-heading-style-vertical \"><div class=\"tm-content-header\"><h2 class=\"tm-element-content-heading tm-custom-heading \">\n\t\t\t\tExecu\u0163ie \n\n\n\n\t\t\t<\/h2>\n\t\t<div class=\"heading-seperator\"><span><\/span><\/div><\/div><div class=\"tm-element-content-desctxt\">Ventilatoarele acestei serii sunt echipate cu motoare electrice asincrone trifazate conform standardelor UNEL-MEC cuplate direct sau prin transmisie la rotor. Pot fi construite cu rota\u021bie \u00een sensul acelor de ceasornic (RD) sau \u00een sens invers acelor de ceasornic (LG) \u0219i pot fi orientate de la 45\u00b0 la 45\u00b0. La cerere pot fi furnizate motoare electrice monofazate p\u00e2n\u0103 la dimensiunea 90. \nInterval de operare\nPt = 12 - 900 mm. H2O; Q = 1.320 - 375.000 mc\/h<\/div><\/div>\t\t\t\t<\/div>\n\t\t\t\t<\/div>\n\t\t\t\t\t<\/div>\n\t\t<\/div>\n\t\t\t\t\t<\/div>\n\t\t<\/section>\n\t\t\t\t<section class=\"elementor-section elementor-inner-section elementor-element elementor-element-7e9d1b90 tm-column-break-ipad-no tm-col-stretched-none elementor-section-boxed elementor-section-height-default elementor-section-height-default\" data-id=\"7e9d1b90\" data-element_type=\"section\" data-settings=\"{&quot;ekit_has_onepagescroll_dot&quot;:&quot;yes&quot;}\">\n\t\t\t\t\t\t<div class=\"elementor-container elementor-column-gap-default\">\n\t\t\t\t\t<div class=\"elementor-column elementor-col-100 elementor-inner-column elementor-element elementor-element-2f3748dd\" data-id=\"2f3748dd\" data-element_type=\"column\">\n\t\t\t<div class=\"elementor-widget-wrap elementor-element-populated\">\n\t\t\t\t\t\t<div class=\"elementor-element elementor-element-5d651c8 elementor-widget elementor-widget-image\" data-id=\"5d651c8\" data-element_type=\"widget\" data-settings=\"{&quot;ekit_we_effect_on&quot;:&quot;none&quot;}\" data-widget_type=\"image.default\">\n\t\t\t\t<div class=\"elementor-widget-container\">\n\t\t\t\t\t\t\t\t\t\t\t\t\t\t\t<img decoding=\"async\" width=\"350\" height=\"350\" src=\"https:\/\/paginamea.ro\/rastartech\/wp-content\/uploads\/2025\/07\/centrifugale-1.jpg\" class=\"attachment-large size-large wp-image-5667\" alt=\"\" srcset=\"https:\/\/paginamea.ro\/rastartech\/wp-content\/uploads\/2025\/07\/centrifugale-1.jpg 350w, https:\/\/paginamea.ro\/rastartech\/wp-content\/uploads\/2025\/07\/centrifugale-1-300x300.jpg 300w, https:\/\/paginamea.ro\/rastartech\/wp-content\/uploads\/2025\/07\/centrifugale-1-150x150.jpg 150w\" sizes=\"(max-width: 350px) 100vw, 350px\" data-id=\"5667\" \/>\t\t\t\t\t\t\t\t\t\t\t\t\t\t\t<\/div>\n\t\t\t\t<\/div>\n\t\t\t\t\t<\/div>\n\t\t<\/div>\n\t\t\t\t\t<\/div>\n\t\t<\/section>\n\t\t\t\t<div class=\"elementor-element elementor-element-7874003 tm-align-center elementor-widget elementor-widget-tm_heading\" data-id=\"7874003\" data-element_type=\"widget\" data-settings=\"{&quot;ekit_we_effect_on&quot;:&quot;none&quot;}\" data-widget_type=\"tm_heading.default\">\n\t\t\t\t<div class=\"elementor-widget-container\">\n\t\t\t\t\t<div class=\"tm-element-heading-content-wrapper center-align tm-reverse-heading-yes tm-seperator-solid tm-content-with-desc tm-heading-style-vertical \"><div class=\"tm-content-header\"><h2 class=\"tm-element-content-heading tm-custom-heading \">\n\t\t\t\tExecu\u021bie special\u0103 \n\n\n\n\n\t\t\t<\/h2>\n\t\t<div class=\"heading-seperator\"><span><\/span><\/div><\/div><div class=\"tm-element-content-desctxt\">Pentru toate ventilatoarele din aceast\u0103 gam\u0103 pot fi posibile execu\u0163ii speciale, cum ar fi construc\u0163ia din o\u0163el inoxidabil sau pentru temperaturi ridicate \u015fi execu\u0163ia ATEX pentru zonele 1-21 sau 2-22.\n<\/div><\/div>\t\t\t\t<\/div>\n\t\t\t\t<\/div>\n\t\t\t\t\t<\/div>\n\t\t<\/div>\n\t\t\t\t\t<\/div>\n\t\t<\/section>\n\t\t\t\t<section class=\"elementor-section elementor-top-section elementor-element elementor-element-62a3e07 tm-column-break-ipad-yes elementor-section-stretched elementor-section-content-middle tm-col-stretched-none elementor-section-boxed elementor-section-height-default elementor-section-height-default\" data-id=\"62a3e07\" data-element_type=\"section\" data-settings=\"{&quot;stretch_section&quot;:&quot;section-stretched&quot;,&quot;ekit_has_onepagescroll_dot&quot;:&quot;yes&quot;}\">\n\t\t\t\t\t\t<div class=\"elementor-container elementor-column-gap-default\">\n\t\t\t\t\t<div class=\"elementor-column elementor-col-33 elementor-top-column elementor-element elementor-element-651917c\" data-id=\"651917c\" data-element_type=\"column\">\n\t\t\t<div class=\"elementor-widget-wrap elementor-element-populated\">\n\t\t\t\t\t\t<div class=\"elementor-element elementor-element-a4cf234 elementor-widget elementor-widget-image\" data-id=\"a4cf234\" data-element_type=\"widget\" data-settings=\"{&quot;ekit_we_effect_on&quot;:&quot;none&quot;}\" data-widget_type=\"image.default\">\n\t\t\t\t<div class=\"elementor-widget-container\">\n\t\t\t\t\t\t\t\t\t\t\t\t\t\t\t<img decoding=\"async\" width=\"350\" height=\"350\" src=\"https:\/\/paginamea.ro\/rastartech\/wp-content\/uploads\/2025\/06\/centrifugale-3.jpg\" class=\"attachment-full size-full wp-image-5588\" alt=\"\" srcset=\"https:\/\/paginamea.ro\/rastartech\/wp-content\/uploads\/2025\/06\/centrifugale-3.jpg 350w, https:\/\/paginamea.ro\/rastartech\/wp-content\/uploads\/2025\/06\/centrifugale-3-300x300.jpg 300w, https:\/\/paginamea.ro\/rastartech\/wp-content\/uploads\/2025\/06\/centrifugale-3-150x150.jpg 150w\" sizes=\"(max-width: 350px) 100vw, 350px\" data-id=\"5588\" \/>\t\t\t\t\t\t\t\t\t\t\t\t\t\t\t<\/div>\n\t\t\t\t<\/div>\n\t\t\t\t\t<\/div>\n\t\t<\/div>\n\t\t\t\t<div class=\"elementor-column elementor-col-66 elementor-top-column elementor-element elementor-element-5134ab2\" data-id=\"5134ab2\" data-element_type=\"column\">\n\t\t\t<div class=\"elementor-widget-wrap elementor-element-populated\">\n\t\t\t\t\t\t<div class=\"elementor-element elementor-element-fd76ac1 elementor-widget elementor-widget-heading\" data-id=\"fd76ac1\" data-element_type=\"widget\" data-settings=\"{&quot;ekit_we_effect_on&quot;:&quot;none&quot;}\" data-widget_type=\"heading.default\">\n\t\t\t\t<div class=\"elementor-widget-container\">\n\t\t\t\t\t<h4 class=\"elementor-heading-title elementor-size-default\">\u00cenalt\u0103 presiune\n<\/h4>\t\t\t\t<\/div>\n\t\t\t\t<\/div>\n\t\t\t\t<div class=\"elementor-element elementor-element-d77a6ef elementor-widget elementor-widget-text-editor\" data-id=\"d77a6ef\" data-element_type=\"widget\" data-settings=\"{&quot;ekit_we_effect_on&quot;:&quot;none&quot;}\" data-widget_type=\"text-editor.default\">\n\t\t\t\t<div class=\"elementor-widget-container\">\n\t\t\t\t\t\t\t\t\t<div><p>Ventilatoarele din aceste serii sunt potrivite pentru aspirarea chiar \u015fi a aerului cu foarte mult praf \u015fi sunt folosite \u00een principal pentru transportul pneumatic, pentru aerul de ardere \u00een arz\u0103toare, \u00een fabrici de ciment, \u00een turn\u0103torii, \u00een mori, \u00een fabrici de pa\u015fte \u015fi t\u0103i\u0163ei, \u00een industria textil\u0103 \u015fi \u00een general c\u00e2nd se solicit\u0103 transportul aerului cu presiune ridicat\u0103. Form\u0103 particular\u0103 a rotorului cu palete inversate asigur\u0103 o eficien\u021b\u0103 ridicat\u0103. \u00cen execu\u021bia standard, temperatura fluidului aspirat nu trebuie s\u0103 dep\u0103\u0219easc\u0103 80\u00b0C.<\/p><p><strong>Detalii tehnice<\/strong><\/p><p>Carcas\u0103 din tabl\u0103 de o\u0163el bordat\u0103 \u015fi sudat\u0103, rotor cu palete inversate din tabl\u0103 de o\u0163el sudat\u0103 echilibrat\u0103 dinamic, suport motor (dac\u0103 este prezent) din tabl\u0103 de o\u0163el sudat\u0103 \u015fi sec\u0163iuni de o\u0163el.<\/p><p><strong>Interval de operare<\/strong><\/p><p>Pt = 110 &#8211; 2.880 mm. H2O Q = 600 &#8211; 255.000 mc\/h<\/p><p><strong>Execu\u0163ie<\/strong><\/p><p>Ventilatoarele acestor serii sunt echipate cu motoare electrice asincrone trifazate conform standardelor UNEL-MEC cuplate direct sau prin transmisie la rotor. Pot fi construite cu rota\u021bie \u00een sensul acelor de ceasornic (RD) sau \u00een sens invers acelor de ceasornic (LG) \u0219i pot fi orientate de la 45\u00b0 la 45\u00b0. La cerere pot fi furnizate motoare electrice monofazate p\u00e2n\u0103 la dimensiunea 90.<\/p><p><strong>Execu\u021bie special\u0103<\/strong><\/p><p>Pentru toate ventilatoarele din aceste game pot fi posibile execu\u0163ii speciale, cum ar fi construc\u0163ia din o\u0163el inoxidabil sau pentru temperaturi ridicate \u015fi execu\u0163ia ATEX pentru zonele 1-21 sau 2-22.<\/p><\/div>\t\t\t\t\t\t\t\t<\/div>\n\t\t\t\t<\/div>\n\t\t\t\t\t<\/div>\n\t\t<\/div>\n\t\t\t\t\t<\/div>\n\t\t<\/section>\n\t\t\t\t<\/div>\n\t\t","protected":false},"excerpt":{"rendered":"<p>Joas\u0103 presiune Ventilatoarele din aceast\u0103 serie sunt potrivite pentru aspirarea aerului curat \u0219i sunt utilizate \u00een principal \u00een instala\u021bii de climatizare, ventila\u021bie \u0219i uscare at\u00e2t civile, c\u00e2t \u0219i industriale, pentru r\u0103cirea materialelor, \u00een hotele de aspira\u021bie \u0219i \u00een general c\u00e2nd se solicit\u0103 transportul aerului cu presiune sc\u0103zut\u0103. \u00cen execu\u021bia standard, temperatura fluidului aspirat nu trebuie &hellip; <a href=\"https:\/\/paginamea.ro\/rastartech\/ventilatoare-centrifugale\/\" class=\"more-link\">Continue reading <span class=\"screen-reader-text\">Ventilatoare centrifugale<\/span><\/a><\/p>\n","protected":false},"author":1,"featured_media":0,"parent":0,"menu_order":0,"comment_status":"closed","ping_status":"closed","template":"","meta":{"footnotes":""},"class_list":["post-5581","page","type-page","status-publish","hentry"],"_links":{"self":[{"href":"https:\/\/paginamea.ro\/rastartech\/wp-json\/wp\/v2\/pages\/5581","targetHints":{"allow":["GET"]}}],"collection":[{"href":"https:\/\/paginamea.ro\/rastartech\/wp-json\/wp\/v2\/pages"}],"about":[{"href":"https:\/\/paginamea.ro\/rastartech\/wp-json\/wp\/v2\/types\/page"}],"author":[{"embeddable":true,"href":"https:\/\/paginamea.ro\/rastartech\/wp-json\/wp\/v2\/users\/1"}],"replies":[{"embeddable":true,"href":"https:\/\/paginamea.ro\/rastartech\/wp-json\/wp\/v2\/comments?post=5581"}],"version-history":[{"count":10,"href":"https:\/\/paginamea.ro\/rastartech\/wp-json\/wp\/v2\/pages\/5581\/revisions"}],"predecessor-version":[{"id":5670,"href":"https:\/\/paginamea.ro\/rastartech\/wp-json\/wp\/v2\/pages\/5581\/revisions\/5670"}],"wp:attachment":[{"href":"https:\/\/paginamea.ro\/rastartech\/wp-json\/wp\/v2\/media?parent=5581"}],"curies":[{"name":"wp","href":"https:\/\/api.w.org\/{rel}","templated":true}]}}